lculate the remainder when v is divided by ((-27)/6)/(1/(-6)).
24
Let k = 337 + 131. Let t = 685 - k. What is the remainder when t is divided by 10?
7
Suppose 16451*f + 957 = 16480*f. What is the remainder when 5474 is divided by f?
29
Let y be 18 - ((-5 + 9)*2)/(-2). Suppose -2*q + y = n, 3*q + 0*q - 4*n - 11 = 0. Let m = 85 + -50. What is the remainder when m is divided by q?
8
Suppose -4*s = -j - 1, s + 2*j + 0*j = -2. Suppose 4*o + 20 = s, -2*z + 7*z - 290 = 4*o. Calculate the remainder when z is divided by 22.
10
Suppose r - 6 + 12 = 0, 2*p - 2*r - 212 = 0. Calculate the remainder when 414 is divided by p.
14
Suppose 120 = 55*h - 50*h. What is the remainder when 284 is divided by h?
20
Suppose 4*d + 5*q = 24, 2*q = -d + 13 - 4. Calculate the remainder when 231 is divided by ((-37)/111)/(d/(-174)).
57
What is the remainder when 62 + ((-1)/1)/((-208)/(-832)) is divided by (-3)/((-6)/40) - -1?
16
Let l = -8 + -6. Let u be 8/(-14)*l/4. Suppose -u*b - 45 = -5*b. What is the remainder when 72 is divided by b?
12
Suppose 6 = 5*s + 26, q - 53 = 4*s. Let b = 613 - 608. Suppose 0 = -5*i + 2*p + 30, 5*i = -b*p + 18 + 47. Calculate the remainder when q is divided by i.
5
Suppose 2*d - 20 = -7983*t + 7982*t, -4*d - 3*t + 44 = 0. Calculate the remainder when 61/(-3)*6/(-2) is divided by d.
5
Let p(r) = -r**2 - 8*r + 1. Let h be p(-5). Let o be (h - 1)*4/6. Calculate the remainder when 174/o + 2/(-5) is divided by 6.
5
Suppose 5*p + 466 = -104. Let v = -99 - p. Calculate the remainder when 207 is divided by v.
12
Suppose x + 26 = 193. Suppose -17*q + 88*q = 355. Calculate the remainder when x is divided by q.
2
Let t(a) = -48*a + 3856. Calculate the remainder when t(28) is divided by 74.
70
Suppose -119*y - 194001 = -591838 - 121955. Calculate the remainder when y is divided by 97.
3
Suppose -28*y + 27*y - 3*q = 0, -3 = y + 4*q. Calculate the remainder when 3849 is divided by y.
6
Suppose -i + 226 = 3*k, -k - 1044 = -4*i - 62. What is the remainder when 507 is divided by i?
19
Let b be 1*5 + 852/(-142). Let t = 44 - 28. Let d = b + t. Calculate the remainder when d is divided by 8.
7
Suppose -666 = -j - 5*i, -1240 - 2162 = -5*j - i. Calculate the remainder when j is divided by 12.
9
Calculate the remainder when (-109252)/(-14) - -2*1/7 is divided by 211.
208
Suppose -f + 2 = 0, 0 = -2*v + 3*f + 943 - 107. Let q = v - 384. Calculate the remainder when q is divided by 16.
5
Let v(d) = -d**2 + 2*d + 4. Let t be v(7). Let g = t - -32. Suppose u + g = 5, -n - 7 = -5*u. Calculate the remainder when 51 is divided by n.
12
Suppose -19*q + 68 + 72 + 164 = 0. Let n = 224 + -115. What is the remainder when n is divided by q?
13
What is the remainder when -2 + (26/39 - 87640/(-21)) is divided by 1389?
5
Suppose -353*p = -396*p + 3698. Calculate the remainder when 394 is divided by p.
50
Let c(f) = -4*f + 56. Let a be ((-4)/6)/(5/240). Let l = 44 - a. What is the remainder when l is divided by c(9)?
16
Suppose 25 = 5*q + 5*x, 3*q - 1 = 4*q - 2*x. Suppose 12*w - 8*w - 162 = -2*c, -3*w = -q*c + 270. What is the remainder when c is divided by 33?
21
Let w = 19878 - 17120. What is the remainder when w is divided by 308?
294
Let h(m) be the first derivative of 2*m**2 - 30*m - 3. What is the remainder when 0 - 15/(-6)*6 is divided by h(9)?
3
Suppose g + g = -2*g. Suppose g = -3*l + 352 - 97. Suppose 2*t + 10 = 0, -5*p - 3*t - 2*t = -l. Calculate the remainder when p is divided by 8.
6
Suppose a - 106 - 31 = 0. Suppose -3*d + a = -16. Let c = 23 + -7. Calculate the remainder when d is divided by c.
3
Let h = 102 + -230. Calculate the remainder when (h/10)/((-46)/115) is divided by 21.
11
Let p = 16832 - 16729. What is the remainder when 3604 is divided by p?
102
Suppose 9*o + 2*j = 14*o - 661, 3*o - 355 = -4*j. Calculate the remainder when 507 is divided by o.
120
Suppose 0 = 416*r - 1381053 - 3449539. Calculate the remainder when r is divided by 8.
4
Suppose -5*c = -32*c - 33*c + 61020. What is the remainder when c is divided by 24?
9
Suppose -3*f + 2259 = 2*t + 1950, 4*t - 24 = 0. What is the remainder when 205 is divided by f?
7
Let s = 4345 - 4322. Calculate the remainder when s is divided by 7.
2
Let k(m) = m + 51. Let w be k(6). Let c = w + -58. What is the remainder when 21 + -11 - (c/1 + 5) is divided by 3?
0
Let l(j) = -4*j**2 + 1. Let r be l(1). Let y be 3 + (r - (-1 - 3)). Suppose -y*m = -12*m + 96. What is the remainder when 71 is divided by m?
11
Suppose 0 = -5*f - 4*c + 10, -c + 3*c = -10. Let h = 88 - 84. Suppose h*n - 90 = -2*b, 2*b = -3*n + 2*n + 75. What is the remainder when b is divided by f?
5
Let r(m) = 12*m - 104. Let z be r(17). Calculate the remainder when (z - 16) + -1 + 7 is divided by 27.
9
Let f be 5/((-1 - -6)/(-80)). Let o = 147 - 138. What is the remainder when 2/(-3 - 245/f) is divided by o?
5
Suppose 0 = 2*o - 0 + 2. Let f(b) = 2*b + 8. What is the remainder when f(3) is divided by (4/(-4))/(o/5)?
4
Let q = -89 + 155. Let f = 68 - q. Suppose 5*m + 32 = 7*m + f*d, 2*m - d - 38 = 0. Calculate the remainder when 85 is divided by m.
13
Suppose -2*p = -f + p + 25, -3*f - 5*p + 89 = 0. Suppose -3*l + 6*u = u - 209, -l + 65 = 3*u. Let j = l - -15. Calculate the remainder when j is divided by f.
27
Suppose 5*i - 238 - 1547 = 0. Suppose -3*o = -0*o - i. Let a = -2559 - -2589. Calculate the remainder when o is divided by a.
29
Suppose -4*s = 3*t + 2 - 13, -3*s + 2 = t. Suppose -108 = -t*m - 3. What is the remainder when 119 is divided by m?
14
Let t(h) = h**2 + 227*h + 9740. Calculate the remainder when 308 is divided by t(-57).
8
Suppose -12*u - 2292 = -2556. Let x be 2 + 0 - 2/1. Suppose 0 = -4*z - x*z + 420. Calculate the remainder when z is divided by u.
17
Suppose -295 = -5*v + 5*a, -61*v - 4*a = -63*v + 114. Suppose 4*b + 26 - 110 = 0. Calculate the remainder when v is divided by b.
19
Let y = -263790 - -263802. Calculate the remainder when 1 + (39 - (0 - 2)) is divided by y.
6
Let h = 69 + 4. Let n = -6845 - -6860. Calculate the remainder when h is divided by n.
13
Suppose -666 = -g + 4*h, g + h = 340 + 326. Suppose -2*c - 16*c + g = 0. What is the remainder when c is divided by 20?
17
Suppose -37 = -4*d + 35. Suppose -122*a = -9809 + 2367. What is the remainder when a is divided by d?
7
Let b = 468 + -452. Calculate the remainder when 3996 is divided by b.
12
Let d = -1122 + 1155. What is the remainder when d is divided by 7?
5
Suppose 3*p - 4*y - 3336 = 0, 5*y - 3811 = -3*p - 421. What is the remainder when p is divided by 289?
253
Let i be (91/28)/13*-124. Let t = -2 - -44. Let b = t + i. Calculate the remainder when 41 is divided by b.
8
Let k = 4398 + -4351. What is the remainder when 69 is divided by k?
22
Suppose -10*t - 448 + 1120 = 22*t. Calculate the remainder when 1339 is divided by t.
16
Let w(b) = b**2 + 4*b + 4. Let p be w(-6). Suppose 2*t = 12 - p. Let q = 52 - t. What is the remainder when q is divided by 15?
9
Suppose -115 + 8 + 17 = -15*d. Calculate the remainder when 1636 is divided by d.
4
Suppose 5*j + d = -0*d + 86, -j - d = -14. Let z(b) = -46*b**2 - 1. Let m be z(1). What is the remainder when (-2 - -4)*m/(-2) is divided by j?
11
Let n = 457 - 264. Let s = n - 152. Calculate the remainder when s is divided by 15.
11
Let b = 8 + 22. Suppose 4*t + 10 - b = 0, -3*w + 374 = t. Calculate the remainder when w is divided by 42.
39
What is the remainder when 446 is divided by 982851/5719 + -2 + (-3)/21*-15?
102
Suppose 0 = -2*g + 1 + 7. Suppose 3*f - 2*f = -x + 6, -g*x + 24 = -5*f. What is the remainder when ((-36)/(-10))/(x/20) is divided by 6?
0
Let x(a) = a**2 - 40*a - 80. Calculate the remainder when 2083 is divided by x(-2).
3
Suppose 2*u = 3*j - 3*u - 10292, -4*u - 16 = 0. What is the remainder when j is divided by 35?
29
Calculate the remainder when 9111 is divided by ((-496)/(-112)*-2)/((-3)/21 + 0).
59
Let d = -13087 + 13119. What is the remainder when 3197 is divided by d?
29
Suppose 0*z - z = -5*c + 55, 0 = -3*z. Suppose -3*r - 392 = o + 107, 0 = 5*r - 5*o + 865. What is the remainder when (-1)/(16/r)*(2 - 0) is divided by c?
10
Suppose 0 = 2*w + 6, -3*l - 2*w = -w + 12. Let v be l*28/24*4/7. What is the remainder when 30 is divided by (-4*68/8)/v?
13
Suppose -24 = -3*p - 4*m, -2*p - 4*m - 1 = -17. Let t = 1729